{"id":1112,"date":"2019-08-07T11:23:31","date_gmt":"2019-08-07T14:23:31","guid":{"rendered":"http:\/\/localhost:8888\/contatica\/?page_id=1112"},"modified":"2026-02-09T15:07:25","modified_gmt":"2026-02-09T19:07:25","slug":"trabalhe-conosco","status":"publish","type":"page","link":"https:\/\/contatica.com.br\/portal\/trabalhe-conosco\/","title":{"rendered":"Trabalhe Conosco"},"content":{"rendered":"\t\t<div data-elementor-type=\"wp-page\" data-elementor-id=\"1112\" class=\"elementor elementor-1112\" data-elementor-post-type=\"page\">\n\t\t\t\t<div class=\"elementor-element elementor-element-0ef4814 e-flex e-con-boxed e-con e-child\" data-id=\"0ef4814\" data-element_type=\"container\" data-e-type=\"container\" data-settings=\"{&quot;background_background&quot;:&quot;video&quot;,&quot;background_video_link&quot;:&quot;https:\\\/\\\/youtu.be\\\/FPMpWofVyGU&quot;,&quot;background_play_on_mobile&quot;:&quot;yes&quot;,&quot;background_privacy_mode&quot;:&quot;yes&quot;}\">\n\t\t\t\t\t<div class=\"e-con-inner\">\n\t\t<div class=\"elementor-background-video-container\">\n\t\t\t\t\t\t\t<div class=\"elementor-background-video-embed\" role=\"presentation\"><\/div>\n\t\t\t\t\t\t<\/div>\t\t\t<\/div>\n\t\t\t\t<\/div>\n\t\t<div class=\"elementor-element elementor-element-d04b73e e-flex e-con-boxed e-con e-parent\" data-id=\"d04b73e\" data-element_type=\"container\" data-e-type=\"container\" data-settings=\"{&quot;background_background&quot;:&quot;classic&quot;}\">\n\t\t\t\t\t<div class=\"e-con-inner\">\n\t\t\t\t<div class=\"elementor-element elementor-element-ea0dfd8 elementor-widget__width-inherit animated-slow elementor-invisible elementor-widget elementor-widget-heading\" data-id=\"ea0dfd8\" data-element_type=\"widget\" data-e-type=\"widget\" data-settings=\"{&quot;_animation&quot;:&quot;fadeInUp&quot;}\" data-widget_type=\"heading.default\">\n\t\t\t\t<div class=\"elementor-widget-container\">\n\t\t\t\t\t<h2 class=\"elementor-heading-title elementor-size-default\">Trabalhe com a Cont\u00e1tica<\/h2>\t\t\t\t<\/div>\n\t\t\t\t<\/div>\n\t\t\t\t<div class=\"elementor-element elementor-element-111f806 elementor-widget__width-inherit animated-slow elementor-invisible elementor-widget elementor-widget-text-editor\" data-id=\"111f806\" data-element_type=\"widget\" data-e-type=\"widget\" data-settings=\"{&quot;_animation&quot;:&quot;fadeInUp&quot;}\" data-widget_type=\"text-editor.default\">\n\t\t\t\t<div class=\"elementor-widget-container\">\n\t\t\t\t\t\t\t\t\t<p>Na Cont\u00e1tica, acreditamos que grandes resultados s\u00e3o constru\u00eddos por pessoas alinhadas, colaborativas e comprometidas com evolu\u00e7\u00e3o cont\u00ednua.<\/p><p>Nossa cultura \u00e9 baseada em partnership: trabalhamos juntos, compartilhamos responsabilidades e crescemos como time. Aqui, cada pessoa entende o impacto do seu trabalho no todo e participa ativamente da constru\u00e7\u00e3o de solu\u00e7\u00f5es melhores todos os dias.<\/p><p>Valorizamos a troca entre \u00e1reas, a comunica\u00e7\u00e3o transparente e o respeito \u00e0s diferentes habilidades. Incentivamos autonomia com responsabilidade, aprendizado constante e vis\u00e3o de longo prazo.<\/p><p>A Cont\u00e1tica \u00e9 um ambiente para quem busca desenvolvimento profissional, desafios reais e crescimento sustent\u00e1vel. Procuramos pessoas que queiram construir junto, evoluir com o time e fazer parte de uma cultura colaborativa e orientada a resultados.<\/p><p>Se voc\u00ea acredita que trabalhar bem \u00e9 trabalhar em conjunto, seu lugar pode ser aqui.<\/p><p>Venha crescer com a Cont\u00e1tica.<\/p>\t\t\t\t\t\t\t\t<\/div>\n\t\t\t\t<\/div>\n\t\t\t\t\t<\/div>\n\t\t\t\t<\/div>\n\t\t<div class=\"elementor-element elementor-element-f5683a7 e-flex e-con-boxed e-con e-parent\" data-id=\"f5683a7\" data-element_type=\"container\" data-e-type=\"container\" data-settings=\"{&quot;background_background&quot;:&quot;classic&quot;}\">\n\t\t\t\t\t<div class=\"e-con-inner\">\n\t\t\t\t<div class=\"elementor-element elementor-element-5980be2 elementor-widget__width-initial elementor-widget elementor-widget-video\" data-id=\"5980be2\" data-element_type=\"widget\" data-e-type=\"widget\" data-settings=\"{&quot;youtube_url&quot;:&quot;https:\\\/\\\/youtu.be\\\/WJJMDhCsWTo&quot;,&quot;yt_privacy&quot;:&quot;yes&quot;,&quot;video_type&quot;:&quot;youtube&quot;,&quot;controls&quot;:&quot;yes&quot;}\" data-widget_type=\"video.default\">\n\t\t\t\t<div class=\"elementor-widget-container\">\n\t\t\t\t\t\t\t<div class=\"elementor-wrapper elementor-open-inline\">\n\t\t\t<div class=\"elementor-video\"><\/div>\t\t<\/div>\n\t\t\t\t\t\t<\/div>\n\t\t\t\t<\/div>\n\t\t\t\t\t<\/div>\n\t\t\t\t<\/div>\n\t\t<div class=\"elementor-element elementor-element-455ea20 e-flex e-con-boxed e-con e-parent\" data-id=\"455ea20\" data-element_type=\"container\" data-e-type=\"container\">\n\t\t\t\t\t<div class=\"e-con-inner\">\n\t\t\t\t<div class=\"elementor-element elementor-element-90c0c47 elementor-widget__width-inherit animated-slow elementor-invisible elementor-widget elementor-widget-heading\" data-id=\"90c0c47\" data-element_type=\"widget\" data-e-type=\"widget\" data-settings=\"{&quot;_animation&quot;:&quot;fadeInUp&quot;}\" data-widget_type=\"heading.default\">\n\t\t\t\t<div class=\"elementor-widget-container\">\n\t\t\t\t\t<h2 class=\"elementor-heading-title elementor-size-default\">Preencha os campos abaixo para se candidatar a uma vaga<\/h2>\t\t\t\t<\/div>\n\t\t\t\t<\/div>\n\t\t\t\t<div class=\"elementor-element elementor-element-f77a0e3 elementor-widget-mobile__width-inherit elementor-widget elementor-widget-shortcode\" data-id=\"f77a0e3\" data-element_type=\"widget\" data-e-type=\"widget\" data-widget_type=\"shortcode.default\">\n\t\t\t\t<div class=\"elementor-widget-container\">\n\t\t\t\t\t\t\t<div class=\"elementor-shortcode\">\n<div class=\"wpcf7 no-js\" id=\"wpcf7-f1116-o1\" lang=\"pt-BR\" dir=\"ltr\" data-wpcf7-id=\"1116\">\n<div class=\"screen-reader-response\"><p role=\"status\" aria-live=\"polite\" aria-atomic=\"true\"><\/p> <ul><\/ul><\/div>\n<form action=\"\/portal\/wp-json\/wp\/v2\/pages\/1112#wpcf7-f1116-o1\" method=\"post\" class=\"wpcf7-form init\" aria-label=\"Formul\u00e1rios de contato\" enctype=\"multipart\/form-data\" novalidate=\"novalidate\" data-status=\"init\">\n<fieldset class=\"hidden-fields-container\"><input type=\"hidden\" name=\"_wpcf7\" value=\"1116\" \/><input type=\"hidden\" name=\"_wpcf7_version\" value=\"6.1.5\" \/><input type=\"hidden\" name=\"_wpcf7_locale\" value=\"pt_BR\" \/><input type=\"hidden\" name=\"_wpcf7_unit_tag\" value=\"wpcf7-f1116-o1\" \/><input type=\"hidden\" name=\"_wpcf7_container_post\" value=\"0\" \/><input type=\"hidden\" name=\"_wpcf7_posted_data_hash\" value=\"\" \/>\n<\/fieldset>\n<div class=\"form-group\">\n\t<p><span class=\"wpcf7-form-control-wrap\" data-name=\"your-name\"><input size=\"40\" maxlength=\"400\" class=\"wpcf7-form-control wpcf7-text wpcf7-validates-as-required form-control\" aria-required=\"true\" aria-invalid=\"false\" placeholder=\"Nome\" value=\"\" type=\"text\" name=\"your-name\" \/><\/span>\n\t<\/p>\n<\/div>\n<div class=\"form-group\">\n\t<p><span class=\"wpcf7-form-control-wrap\" data-name=\"your-email\"><input size=\"40\" maxlength=\"400\" class=\"wpcf7-form-control wpcf7-email wpcf7-validates-as-required wpcf7-text wpcf7-validates-as-email form-control\" aria-required=\"true\" aria-invalid=\"false\" placeholder=\"E-mail\" value=\"\" type=\"email\" name=\"your-email\" \/><\/span>\n\t<\/p>\n<\/div>\n<div class=\"form-group\">\n\t<p><span class=\"wpcf7-form-control-wrap\" data-name=\"your-phone\"><input size=\"40\" maxlength=\"400\" class=\"wpcf7-form-control wpcf7-text wpcf7-validates-as-required form-control phone\" aria-required=\"true\" aria-invalid=\"false\" placeholder=\"Telefone\" value=\"\" type=\"text\" name=\"your-phone\" \/><\/span>\n\t<\/p>\n<\/div>\n<div class=\"form-group\">\n\t<p><span class=\"wpcf7-form-control-wrap\" data-name=\"AreaPretendida\"><select class=\"wpcf7-form-control wpcf7-select wpcf7-validates-as-required form-control\" aria-required=\"true\" aria-invalid=\"false\" name=\"AreaPretendida\"><option value=\"\">\u00c1rea Pretendida<\/option><option value=\"Fiscal, Cont\u00e1bil\">Fiscal, Cont\u00e1bil<\/option><option value=\"Departamento Pessoal\">Departamento Pessoal<\/option><option value=\"Gest\u00e3o de Pessoas\">Gest\u00e3o de Pessoas<\/option><option value=\"Financeiro\">Financeiro<\/option><option value=\"Recep\u00e7\u00e3o\">Recep\u00e7\u00e3o<\/option><option value=\"Legaliza\u00e7\u00e3o\">Legaliza\u00e7\u00e3o<\/option><option value=\"Est\u00e1gio\">Est\u00e1gio<\/option><option value=\"Menor Aprendiz\">Menor Aprendiz<\/option><\/select><\/span>\n\t<\/p>\n<\/div>\n<div class=\"form-group\">\n\t<p><span class=\"wpcf7-form-control-wrap\" data-name=\"TempodeExperincia\"><select class=\"wpcf7-form-control wpcf7-select wpcf7-validates-as-required form-control\" aria-required=\"true\" aria-invalid=\"false\" name=\"TempodeExperincia\"><option value=\"\">Tempo de Experi\u00eancia<\/option><option value=\"Sem experi\u00eancia\">Sem experi\u00eancia<\/option><option value=\"At\u00e9 6 meses\">At\u00e9 6 meses<\/option><option value=\"At\u00e9 1 ano\">At\u00e9 1 ano<\/option><option value=\"Menos de 2 anos\">Menos de 2 anos<\/option><option value=\"Acima de 2 anos.\">Acima de 2 anos.<\/option><\/select><\/span>\n\t<\/p>\n\t<div class=\"form-group\">\n\t<\/div>\n\t<div class=\"form-group\">\n\t\t<p><label>Curr\u00edculo<\/label><br \/>\n<span class=\"wpcf7-form-control-wrap\" data-name=\"Currculo\"><input size=\"40\" class=\"wpcf7-form-control wpcf7-file\" accept=\".pdf,.docx\" aria-invalid=\"false\" type=\"file\" name=\"Currculo\" \/><\/span>\n\t\t<\/p>\n\t<\/div>\n\t<div class=\"form-group mb-4\">\n\t\t<p><span class=\"wpcf7-form-control-wrap\" data-name=\"your-message\"><textarea cols=\"40\" rows=\"10\" maxlength=\"2000\" class=\"wpcf7-form-control wpcf7-textarea wpcf7-validates-as-required form-control\" aria-required=\"true\" aria-invalid=\"false\" placeholder=\"Apresenta\u00e7\u00e3o pessoal\" name=\"your-message\"><\/textarea><\/span>\n\t\t<\/p>\n\t<\/div>\n\t<p><button type='submit' class='wpcf7-form-control btn btn-primary w-100 btn-lg'>Enviar <i class=\"demo-icon uil-angle-right-b mr-0\"><\/i><\/button>\n\t<\/p>\n<\/div><div class=\"wpcf7-response-output\" aria-hidden=\"true\"><\/div>\n<\/form>\n<\/div>\n<\/div>\n\t\t\t\t\t\t<\/div>\n\t\t\t\t<\/div>\n\t\t\t\t\t<\/div>\n\t\t\t\t<\/div>\n\t\t\t\t<\/div>\n\t\t","protected":false},"excerpt":{"rendered":"<p>Trabalhe com a Cont\u00e1tica Na Cont\u00e1tica, acreditamos que grandes resultados s\u00e3o constru\u00eddos por pessoas alinhadas, colaborativas e comprometidas com evolu\u00e7\u00e3o cont\u00ednua. Nossa cultura \u00e9 baseada em partnership: trabalhamos juntos, compartilhamos responsabilidades e crescemos como time. Aqui, cada pessoa entende o impacto do seu trabalho no todo e participa ativamente da constru\u00e7\u00e3o de solu\u00e7\u00f5es melhores todos [&hellip;]<\/p>\n","protected":false},"author":10,"featured_media":0,"parent":0,"menu_order":0,"comment_status":"closed","ping_status":"closed","template":"","meta":{"_acf_changed":false,"footnotes":""},"class_list":["post-1112","page","type-page","status-publish","hentry"],"acf":[],"_links":{"self":[{"href":"https:\/\/contatica.com.br\/portal\/wp-json\/wp\/v2\/pages\/1112","targetHints":{"allow":["GET"]}}],"collection":[{"href":"https:\/\/contatica.com.br\/portal\/wp-json\/wp\/v2\/pages"}],"about":[{"href":"https:\/\/contatica.com.br\/portal\/wp-json\/wp\/v2\/types\/page"}],"author":[{"embeddable":true,"href":"https:\/\/contatica.com.br\/portal\/wp-json\/wp\/v2\/users\/10"}],"replies":[{"embeddable":true,"href":"https:\/\/contatica.com.br\/portal\/wp-json\/wp\/v2\/comments?post=1112"}],"version-history":[{"count":72,"href":"https:\/\/contatica.com.br\/portal\/wp-json\/wp\/v2\/pages\/1112\/revisions"}],"predecessor-version":[{"id":4343,"href":"https:\/\/contatica.com.br\/portal\/wp-json\/wp\/v2\/pages\/1112\/revisions\/4343"}],"wp:attachment":[{"href":"https:\/\/contatica.com.br\/portal\/wp-json\/wp\/v2\/media?parent=1112"}],"curies":[{"name":"wp","href":"https:\/\/api.w.org\/{rel}","templated":true}]}}